Calculate the highest common divisor of 401784 and 24.
24
Calculate the greatest common factor of 365194 and 368.
46
Calculate the highest common divisor of 9369 and 459.
27
Calculate the highest common divisor of 1159 and 488.
61
What is the highest common factor of 175 and 77100?
25
Calculate the greatest common factor of 4446 and 532779.
741
Calculate the greatest common factor of 133 and 672714.
133
What is the highest common divisor of 20560 and 103571?
257
What is the highest common factor of 30876 and 120?
12
Calculate the greatest common divisor of 105 and 745.
5
What is the greatest common divisor of 68 and 56219?
17
What is the greatest common factor of 4125 and 1684375?
1375
Calculate the highest common divisor of 338 and 1301638.
338
Calculate the greatest common factor of 255 and 1695.
15
What is the greatest common factor of 143 and 3223?
11
Calculate the greatest common divisor of 272 and 8207192.
136
Calculate the highest common divisor of 36 and 968628.
12
Calculate the greatest common divisor of 187135 and 325.
65
What is the greatest common factor of 9 and 167049?
9
What is the highest common factor of 42 and 20391?
21
What is the greatest common factor of 76545 and 99?
9
Calculate the greatest common divisor of 141312 and 12144.
1104
What is the highest common factor of 18462 and 34?
34
Calculate the greatest common divisor of 52117 and 2321.
211
What is the highest common factor of 187587 and 171?
171
What is the greatest common factor of 139182 and 384?
6
What is the highest common factor of 4672 and 730?
146
What is the highest common factor of 798 and 941906?
266
What is the greatest common factor of 248 and 63643?
31
Calculate the highest common divisor of 132856 and 10.
2
Calculate the highest common factor of 8568 and 2916.
36
What is the greatest common factor of 2124 and 6313?
59
What is the highest common factor of 78739 and 284?
71
Calculate the highest common divisor of 85 and 3673955.
85
Calculate the greatest common factor of 162360 and 40.
40
Calculate the highest common factor of 5 and 287660.
5
Calculate the highest common divisor of 144 and 1352736.
144
What is the highest common factor of 68992 and 980?
196
What is the highest common factor of 2117482 and 4156?
2078
Calculate the highest common divisor of 22101 and 342357.
417
What is the highest common factor of 615 and 1905?
15
Calculate the highest common divisor of 330 and 165.
165
What is the highest common divisor of 895 and 7339?
179
Calculate the greatest common factor of 1248 and 1140256.
416
What is the highest common divisor of 23914 and 44?
22
Calculate the greatest common factor of 50240 and 400.
80
What is the highest common divisor of 390 and 892125?
195
Calculate the highest common divisor of 4031 and 68121.
29
What is the greatest common divisor of 11136 and 30336?
384
Calculate the highest common divisor of 462 and 75418.
14
Calculate the highest common factor of 45 and 746580.
15
Calculate the greatest common divisor of 7096 and 2096.
8
Calculate the greatest common factor of 20 and 482260.
20
Calculate the highest common factor of 192 and 16914.
6
What is the highest common divisor of 3402 and 295245?
243
Calculate the greatest common factor of 989 and 31763.
23
Calculate the greatest common factor of 14079340 and 44.
44
Calculate the highest common divisor of 42109 and 13991.
17
What is the highest common factor of 90 and 9170?
10
Calculate the greatest common factor of 238043 and 13.
13
Calculate the highest common divisor of 839295 and 135.
135
Calculate the greatest common divisor of 920 and 31694.
46
Calculate the greatest common divisor of 716719 and 159.
53
What is the highest common factor of 15 and 1920800?
5
Calculate the highest common divisor of 407 and 1102970.
407
Calculate the greatest common factor of 4716 and 38252.
524
What is the greatest common divisor of 405 and 2637?
9
What is the greatest common divisor of 25280 and 4661?
79
What is the highest common divisor of 49 and 592753?
49
What is the highest common divisor of 291746 and 3822?
1274
Calculate the greatest common divisor of 150 and 50175.
75
What is the highest common factor of 207 and 94599?
207
What is the greatest common factor of 460 and 237040?
20
Calculate the greatest common factor of 36 and 98676.
36
Calculate the greatest common factor of 3870 and 7146.
18
What is the highest common divisor of 672 and 181216?
224
Calculate the highest common divisor of 598 and 171054.
26
What is the greatest common divisor of 1146 and 9742146?
1146
Calculate the highest common divisor of 73967 and 731.
17
Calculate the greatest common divisor of 10688 and 2368.
64
Calculate the greatest common divisor of 3894 and 1287.
33
Calculate the highest common factor of 1269 and 11562.
141
Calculate the greatest common divisor of 106 and 5765.
1
What is the greatest common factor of 13340 and 71340?
580
Calculate the highest common divisor of 2417332 and 17.
17
What is the highest common divisor of 125 and 3417125?
125
What is the highest common divisor of 272 and 9180?
68
What is the highest common divisor of 48 and 173028?
12
Calculate the highest common divisor of 176 and 1681548.
44
Calculate the highest common factor of 1400 and 4675.
25
Calculate the greatest common factor of 13736 and 102.
34
Calculate the greatest common divisor of 3495999 and 13.
13
What is the greatest common divisor of 6213 and 1199?
109
What is the greatest common divisor of 1947 and 1770?
177
What is the greatest common divisor of 56899 and 51?
17
What is the highest common divisor of 1211 and 55881?
7
What is the highest common factor of 4176 and 228?
12
Calculate the greatest common factor of 664 and 5888.
8
What is the greatest common factor of 128 and 2950?
2
What is the greatest common divisor of 5191 and 1247?
29
What is the greatest common factor of 3105 and 594000?
135
What is the highest common factor of 5200 and 15660?
20
What is the highest common factor of 160 and 84400?
80
Calculate the highest common divisor of 415 and 1598995.
415
What is the highest common divisor of 34074 and 21?
3
Calculate the greatest common factor of 25 and 237625.
25
What is the greatest common divisor of 6313875 and 1125?
375
Calculate the highest common divisor of 93554 and 638.
58
What is the highest common divisor of 1910 and 7220?
10
What is the highest common factor of 6180 and 2370?
30
Calculate the greatest common divisor of 21186 and 319.
11
What is the greatest common divisor of 108 and 46884?
12
Calculate the greatest common divisor of 236 and 30136.
4
Calculate the highest common factor of 32 and 12908.
4
What is the greatest common factor of 274032 and 418?
22
Calculate the highest common factor of 3225 and 42675.
75
What is the greatest common divisor of 123 and 592491?
123
Calculate the highest common divisor of 249 and 2407.
83
What is the greatest common divisor of 10 and 356170?
10
What is the greatest common factor of 72 and 479781?
9
What is the greatest common factor of 2668133 and 221?
221
Calculate the highest common factor of 144150 and 93.
93
Calculate the greatest common divisor of 748 and 11900.
68
Calculate the highest common factor of 3 and 18531.
3
Calculate the highest common divisor of 19 and 88369.
19
Calculate the greatest common factor of 24 and 1804008.
24
What is the highest common divisor of 1313940 and 1281?
183
Calculate the highest common divisor of 16452 and 2448.
36
Calculate the greatest common factor of 704 and 15584.
32
Calculate the greatest common factor of 52 and 74204.
52
What is the highest common divisor of 1203480 and 1620?
180
What is the highest common divisor of 11690 and 5040?
70
What is the greatest common factor of 114 and 200811?
57
Calculate the greatest common divisor of 7 and 3501281.
7
What is the highest common factor of 32620 and 3430?
70
Calculate the highest common divisor of 361 and 6802.
19
Calculate the greatest common factor of 600687 and 31.
31
What is the highest common divisor of 64242 and 36?
18
What is the highest common factor of 41902 and 10220?
1022
What is the highest common divisor of 2334 and 6894?
6
What is the greatest common factor of 104 and 517166?
26
Calculate the highest common factor of 606884 and 2076.
692
Calcul